{"id":349,"date":"2021-10-06T10:45:53","date_gmt":"2021-10-06T08:45:53","guid":{"rendered":"https:\/\/tokiko.eus\/?page_id=349"},"modified":"2022-02-01T12:10:24","modified_gmt":"2022-02-01T11:10:24","slug":"nos-partenaires","status":"publish","type":"page","link":"https:\/\/tokiko.eus\/index.php\/nos-partenaires\/","title":{"rendered":"Nos partenaires"},"content":{"rendered":"<p>[et_pb_section fb_built=\u00a0\u00bb1&Prime; _builder_version=\u00a0\u00bb4.10.4&Prime; _module_preset=\u00a0\u00bbdefault\u00a0\u00bb background_color=\u00a0\u00bbrgba(239,226,174,0.39)\u00a0\u00bb custom_padding=\u00a0\u00bb18px|||||\u00a0\u00bb global_colors_info=\u00a0\u00bb{}\u00a0\u00bb][et_pb_row _builder_version=\u00a0\u00bb4.11.1&Prime; _module_preset=\u00a0\u00bbdefault\u00a0\u00bb global_colors_info=\u00a0\u00bb{}\u00a0\u00bb][et_pb_column type=\u00a0\u00bb4_4&Prime; _builder_version=\u00a0\u00bb4.11.1&Prime; _module_preset=\u00a0\u00bbdefault\u00a0\u00bb global_colors_info=\u00a0\u00bb{}\u00a0\u00bb][et_pb_text _builder_version=\u00a0\u00bb4.10.5&Prime; _module_preset=\u00a0\u00bbdefault\u00a0\u00bb header_2_font=\u00a0\u00bbKOMIKAX||||||||\u00a0\u00bb header_2_text_align=\u00a0\u00bbcenter\u00a0\u00bb custom_margin=\u00a0\u00bb||-1px|||\u00a0\u00bb custom_padding=\u00a0\u00bb0px||0px|||\u00a0\u00bb global_colors_info=\u00a0\u00bb{}\u00a0\u00bb]<\/p>\n<h2>Nos partenaires<\/h2>\n<p>&nbsp;<\/p>\n<p>&nbsp;<\/p>\n<p>[\/et_pb_text][et_pb_text _builder_version=\u00a0\u00bb4.11.1&Prime; _module_preset=\u00a0\u00bbdefault\u00a0\u00bb custom_padding=\u00a0\u00bb6px|6px|6px|6px|false|false\u00a0\u00bb border_radii=\u00a0\u00bbon|12px|12px|12px|12px\u00a0\u00bb global_colors_info=\u00a0\u00bb{}\u00a0\u00bb]<\/p>\n<p>Afin de vous donner acc\u00e8s \u00e0 une plus grande vari\u00e9t\u00e9 de produits bio, nous travaillons avec d\u2019autres producteurs et entreprises locales :<\/p>\n<p>[\/et_pb_text][et_pb_accordion closed_toggle_text_color=\u00a0\u00bb#848484&Prime; icon_color=\u00a0\u00bb#E02B20&Prime; use_icon_font_size=\u00a0\u00bbon\u00a0\u00bb icon_font_size=\u00a0\u00bb18px\u00a0\u00bb _builder_version=\u00a0\u00bb4.14.7&Prime; _module_preset=\u00a0\u00bbdefault\u00a0\u00bb toggle_level=\u00a0\u00bbh4&Prime; toggle_font=\u00a0\u00bbKOMIKAX||||||||\u00a0\u00bb closed_toggle_font_size=\u00a0\u00bb13px\u00a0\u00bb body_font=\u00a0\u00bbAlegreya Sans||||||||\u00a0\u00bb hover_enabled=\u00a0\u00bb0&Prime; border_radii=\u00a0\u00bbon|8px|8px|8px|8px\u00a0\u00bb global_colors_info=\u00a0\u00bb{}\u00a0\u00bb sticky_enabled=\u00a0\u00bb0&Prime;][et_pb_accordion_item title=\u00a0\u00bbArrokia \u00e0 Ahaxe\u00a0\u00bb open=\u00a0\u00bboff\u00a0\u00bb _builder_version=\u00a0\u00bb4.11.1&Prime; _module_preset=\u00a0\u00bbdefault\u00a0\u00bb global_colors_info=\u00a0\u00bb{}\u00a0\u00bb]<\/p>\n<p>Fromage de vache<\/p>\n<p><img loading=\"lazy\" decoding=\"async\" src=\"https:\/\/tokiko.eus\/wp-content\/uploads\/2021\/10\/ARROKIAIA_-_HARLUXET_Xabi_Johan_7746e0f0a3-300x200.jpg\" alt=\"\" class=\"wp-image-372 alignnone size-medium\" width=\"300\" height=\"200\" \/><\/p>\n<p>[\/et_pb_accordion_item][et_pb_accordion_item title=\u00a0\u00bbAlain Domini \u00e0 Beyrie sur Joyeuse\u00a0\u00bb _builder_version=\u00a0\u00bb4.11.1&Prime; _module_preset=\u00a0\u00bbdefault\u00a0\u00bb global_colors_info=\u00a0\u00bb{}\u00a0\u00bb open=\u00a0\u00bboff\u00a0\u00bb]<\/p>\n<p>Breuil et fromage de brebis<\/p>\n<p><img loading=\"lazy\" decoding=\"async\" src=\"https:\/\/tokiko.eus\/wp-content\/uploads\/2021\/10\/DOMINI_Alain_01_51ac65c72e-300x200.jpg\" alt=\"\" class=\"wp-image-374 alignnone size-medium\" width=\"300\" height=\"200\" \/><\/p>\n<p>[\/et_pb_accordion_item][et_pb_accordion_item title=\u00a0\u00bbBardea,  Navarre, Espagne\u00a0\u00bb _builder_version=\u00a0\u00bb4.11.1&Prime; _module_preset=\u00a0\u00bbdefault\u00a0\u00bb global_colors_info=\u00a0\u00bb{}\u00a0\u00bb open=\u00a0\u00bboff\u00a0\u00bb]<\/p>\n<p>huile d\u2019olive<\/p>\n<p>[\/et_pb_accordion_item][et_pb_accordion_item title=\u00a0\u00bbBelazkabieta \u00e0 Espelette\u00a0\u00bb _builder_version=\u00a0\u00bb4.11.1&Prime; _module_preset=\u00a0\u00bbdefault\u00a0\u00bb global_colors_info=\u00a0\u00bb{}\u00a0\u00bb open=\u00a0\u00bboff\u00a0\u00bb]<\/p>\n<p>\u00a0piment d\u2019Espelette et confiture<\/p>\n<p>[\/et_pb_accordion_item][et_pb_accordion_item title=\u00a0\u00bbDavid Bachacu, Ferme Iturri etxea\u00a0\u00bb _builder_version=\u00a0\u00bb4.14.7&Prime; _module_preset=\u00a0\u00bbdefault\u00a0\u00bb hover_enabled=\u00a0\u00bb0&Prime; global_colors_info=\u00a0\u00bb{}\u00a0\u00bb open=\u00a0\u00bboff\u00a0\u00bb sticky_enabled=\u00a0\u00bb0&Prime;]<\/p>\n<p>poulet fermier<\/p>\n<p>[\/et_pb_accordion_item][et_pb_accordion_item title=\u00a0\u00bbBrasserie Arkatza \u00e0 Saint-P\u00e9e-Sur-Nivelle\u00a0\u00bb _builder_version=\u00a0\u00bb4.11.1&Prime; _module_preset=\u00a0\u00bbdefault\u00a0\u00bb global_colors_info=\u00a0\u00bb{}\u00a0\u00bb open=\u00a0\u00bboff\u00a0\u00bb]<\/p>\n<p>bi\u00e8re<\/p>\n<p>[\/et_pb_accordion_item][et_pb_accordion_item title=\u00a0\u00bbBrasserie Lebbe \u00e0 Villefranque(65)\u00a0\u00bb _builder_version=\u00a0\u00bb4.11.1&Prime; _module_preset=\u00a0\u00bbdefault\u00a0\u00bb global_colors_info=\u00a0\u00bb{}\u00a0\u00bb open=\u00a0\u00bboff\u00a0\u00bb]<\/p>\n<p>bi\u00e8re<\/p>\n<p>[\/et_pb_accordion_item][et_pb_accordion_item title=\u00a0\u00bbBordatto \u00e0 Jaxu\u00a0\u00bb _builder_version=\u00a0\u00bb4.11.1&Prime; _module_preset=\u00a0\u00bbdefault\u00a0\u00bb global_colors_info=\u00a0\u00bb{}\u00a0\u00bb open=\u00a0\u00bboff\u00a0\u00bb]<\/p>\n<p>cidre et vins<\/p>\n<p>[\/et_pb_accordion_item][et_pb_accordion_item title=\u00a0\u00bbDomaine Montesquiou \u00e0 Monein\u00a0\u00bb _builder_version=\u00a0\u00bb4.11.1&Prime; _module_preset=\u00a0\u00bbdefault\u00a0\u00bb global_colors_info=\u00a0\u00bb{}\u00a0\u00bb open=\u00a0\u00bboff\u00a0\u00bb]<\/p>\n<p>vin de Juran\u00e7on<\/p>\n<p>[\/et_pb_accordion_item][et_pb_accordion_item title=\u00a0\u00bbLes cochons du berger \u00e0 Lasse\u00a0\u00bb _builder_version=\u00a0\u00bb4.11.1&Prime; _module_preset=\u00a0\u00bbdefault\u00a0\u00bb global_colors_info=\u00a0\u00bb{}\u00a0\u00bb open=\u00a0\u00bboff\u00a0\u00bb]<\/p>\n<p>conserves, charcuterie et viande fraiche de porc<\/p>\n<p>[\/et_pb_accordion_item][et_pb_accordion_item title=\u00a0\u00bbLes Petits Naufrag\u00e9s \u00e0 Bidarray\u00a0\u00bb _builder_version=\u00a0\u00bb4.11.1&Prime; _module_preset=\u00a0\u00bbdefault\u00a0\u00bb global_colors_info=\u00a0\u00bb{}\u00a0\u00bb open=\u00a0\u00bboff\u00a0\u00bb]<\/p>\n<p>tisanes<\/p>\n<p>[\/et_pb_accordion_item][et_pb_accordion_item title=\u00a0\u00bbEsnekiak  \u00e0 Mendionde\u00a0\u00bb _builder_version=\u00a0\u00bb4.11.1&Prime; _module_preset=\u00a0\u00bbdefault\u00a0\u00bb global_colors_info=\u00a0\u00bb{}\u00a0\u00bb open=\u00a0\u00bboff\u00a0\u00bb]<\/p>\n<p>fromages et produits frais au lait de vache : yaourts, beurre, glaces etc<\/p>\n<p>[\/et_pb_accordion_item][et_pb_accordion_item title=\u00a0\u00bbItalatzea \u00e0 Caro\u00a0\u00bb _builder_version=\u00a0\u00bb4.11.1&Prime; _module_preset=\u00a0\u00bbdefault\u00a0\u00bb global_colors_info=\u00a0\u00bb{}\u00a0\u00bb open=\u00a0\u00bboff\u00a0\u00bb]<\/p>\n<p>\u00e9levage de porc<\/p>\n<p>[\/et_pb_accordion_item][et_pb_accordion_item title=\u00a0\u00bbItsas Mendi \u00e0 Arbonne\u00a0\u00bb _builder_version=\u00a0\u00bb4.11.1&Prime; _module_preset=\u00a0\u00bbdefault\u00a0\u00bb global_colors_info=\u00a0\u00bb{}\u00a0\u00bb open=\u00a0\u00bboff\u00a0\u00bb]<\/p>\n<p>confitures<\/p>\n<p>[\/et_pb_accordion_item][et_pb_accordion_item title=\u00a0\u00bbKurutzaldia \u00e0 H\u00e9lette\u00a0\u00bb _builder_version=\u00a0\u00bb4.11.1&Prime; _module_preset=\u00a0\u00bbdefault\u00a0\u00bb global_colors_info=\u00a0\u00bb{}\u00a0\u00bb open=\u00a0\u00bboff\u00a0\u00bb]<\/p>\n<p>\u00a0confitures, compotes<\/p>\n<p>[\/et_pb_accordion_item][et_pb_accordion_item title=\u00a0\u00bbLa Ferme des Medicinales \u00e0 Baigts de B\u00e9arn\u00a0\u00bb _builder_version=\u00a0\u00bb4.11.1&Prime; _module_preset=\u00a0\u00bbdefault\u00a0\u00bb global_colors_info=\u00a0\u00bb{}\u00a0\u00bb open=\u00a0\u00bboff\u00a0\u00bb]<\/p>\n<p>sirops etc<\/p>\n<p>[\/et_pb_accordion_item][et_pb_accordion_item title=\u00a0\u00bbLilizain \u00e0 Beyrie sur Joyeuse\u00a0\u00bb _builder_version=\u00a0\u00bb4.11.1&Prime; _module_preset=\u00a0\u00bbdefault\u00a0\u00bb global_colors_info=\u00a0\u00bb{}\u00a0\u00bb open=\u00a0\u00bboff\u00a0\u00bb]<\/p>\n<p>plantes aromatiques et m\u00e9dicinales<\/p>\n<p>[\/et_pb_accordion_item][et_pb_accordion_item title=\u00a0\u00bbMilika \u00e0 Anhaux\u00a0\u00bb _builder_version=\u00a0\u00bb4.11.1&Prime; _module_preset=\u00a0\u00bbdefault\u00a0\u00bb global_colors_info=\u00a0\u00bb{}\u00a0\u00bb open=\u00a0\u00bboff\u00a0\u00bb]<\/p>\n<p>sorbets aux fruits<\/p>\n<p>[\/et_pb_accordion_item][et_pb_accordion_item title=\u00a0\u00bbMoulin de Peyronin \u00e0 Pujols (33)\u00a0\u00bb _builder_version=\u00a0\u00bb4.11.1&Prime; _module_preset=\u00a0\u00bbdefault\u00a0\u00bb global_colors_info=\u00a0\u00bb{}\u00a0\u00bb open=\u00a0\u00bboff\u00a0\u00bb]<\/p>\n<p>vin de bordeaux<\/p>\n<p>[\/et_pb_accordion_item][et_pb_accordion_item title=\u00a0\u00bbOheta\u00a0\u00bb _builder_version=\u00a0\u00bb4.11.1&Prime; _module_preset=\u00a0\u00bbdefault\u00a0\u00bb global_colors_info=\u00a0\u00bb{}\u00a0\u00bb open=\u00a0\u00bboff\u00a0\u00bb]<\/p>\n<p>fromage de vache et produits frais<\/p>\n<p>[\/et_pb_accordion_item][et_pb_accordion_item title=\u00a0\u00bbPekoborda \u00e0 Ordiarp\u00a0\u00bb _builder_version=\u00a0\u00bb4.11.1&Prime; _module_preset=\u00a0\u00bbdefault\u00a0\u00bb global_colors_info=\u00a0\u00bb{}\u00a0\u00bb open=\u00a0\u00bboff\u00a0\u00bb]<\/p>\n<p>miel et produits de la ruche<\/p>\n<p>[\/et_pb_accordion_item][et_pb_accordion_item title=\u00a0\u00bbUthurralt \u00e0 Viodos-Abense de bas\u00a0\u00bb _builder_version=\u00a0\u00bb4.11.1&Prime; _module_preset=\u00a0\u00bbdefault\u00a0\u00bb global_colors_info=\u00a0\u00bb{}\u00a0\u00bb open=\u00a0\u00bboff\u00a0\u00bb]<\/p>\n<p>\u00a0kiwi, nectar<\/p>\n<p>[\/et_pb_accordion_item][et_pb_accordion_item title=\u00a0\u00bbSaltus \u00e0 Saint Martin d\u2019Arrossa\u00a0\u00bb _builder_version=\u00a0\u00bb4.11.1&Prime; _module_preset=\u00a0\u00bbdefault\u00a0\u00bb global_colors_info=\u00a0\u00bb{}\u00a0\u00bb open=\u00a0\u00bboff\u00a0\u00bb]<\/p>\n<p>miel et produits de la ruche<\/p>\n<p>[\/et_pb_accordion_item][et_pb_accordion_item title=\u00a0\u00bbTtukulua\u00a0\u00bb _builder_version=\u00a0\u00bb4.11.1&Prime; _module_preset=\u00a0\u00bbdefault\u00a0\u00bb global_colors_info=\u00a0\u00bb{}\u00a0\u00bb open=\u00a0\u00bbon\u00a0\u00bb]<\/p>\n<p>\u00a0fromage de brebis Ossau-Iraty<\/p>\n<p>[\/et_pb_accordion_item][et_pb_accordion_item title=\u00a0\u00bbVal\u00e9rie Zubeldia \u00e0 Hasparren\u00a0\u00bb _builder_version=\u00a0\u00bb4.11.1&Prime; _module_preset=\u00a0\u00bbdefault\u00a0\u00bb global_colors_info=\u00a0\u00bb{}\u00a0\u00bb open=\u00a0\u00bboff\u00a0\u00bb]<\/p>\n<p>\u00a0conserves de volailles<\/p>\n<p>[\/et_pb_accordion_item][et_pb_accordion_item title=\u00a0\u00bbXemiania  \u00e0 Beguios\u00a0\u00bb _builder_version=\u00a0\u00bb4.11.1&Prime; _module_preset=\u00a0\u00bbdefault\u00a0\u00bb global_colors_info=\u00a0\u00bb{}\u00a0\u00bb open=\u00a0\u00bboff\u00a0\u00bb]<\/p>\n<p>p\u00e2tes au bl\u00e9 semi-complet et viandes bovines<\/p>\n<p>[\/et_pb_accordion_item][et_pb_accordion_item title=\u00a0\u00bbZabalainia \u00e0 Arrast-Larrebieu\u00a0\u00bb _builder_version=\u00a0\u00bb4.11.1&Prime; _module_preset=\u00a0\u00bbdefault\u00a0\u00bb global_colors_info=\u00a0\u00bb{}\u00a0\u00bb open=\u00a0\u00bboff\u00a0\u00bb]<\/p>\n<p>yaourts au lait de brebis<\/p>\n<p>[\/et_pb_accordion_item][\/et_pb_accordion][et_pb_text _builder_version=\u00a0\u00bb4.10.5&Prime; _module_preset=\u00a0\u00bbdefault\u00a0\u00bb header_2_font=\u00a0\u00bbKOMIKAX||||||||\u00a0\u00bb header_2_text_align=\u00a0\u00bbcenter\u00a0\u00bb custom_padding=\u00a0\u00bb0px||0px|||\u00a0\u00bb global_colors_info=\u00a0\u00bb{}\u00a0\u00bb]<\/p>\n<h2>Entreprises ou coop\u00e9ratives locales<\/h2>\n<p>&nbsp;<\/p>\n<p>&nbsp;<\/p>\n<p>[\/et_pb_text][et_pb_accordion closed_toggle_text_color=\u00a0\u00bb#848484&Prime; icon_color=\u00a0\u00bb#E02B20&Prime; use_icon_font_size=\u00a0\u00bbon\u00a0\u00bb icon_font_size=\u00a0\u00bb18px\u00a0\u00bb _builder_version=\u00a0\u00bb4.11.3&Prime; _module_preset=\u00a0\u00bbdefault\u00a0\u00bb toggle_level=\u00a0\u00bbh4&Prime; toggle_font=\u00a0\u00bbKOMIKAX||||||||\u00a0\u00bb closed_toggle_font_size=\u00a0\u00bb13px\u00a0\u00bb body_font=\u00a0\u00bbAlegreya Sans||||||||\u00a0\u00bb border_radii=\u00a0\u00bbon|8px|8px|8px|8px\u00a0\u00bb global_colors_info=\u00a0\u00bb{}\u00a0\u00bb][et_pb_accordion_item title=\u00a0\u00bbBiozkaria\u00a0\u00bb open=\u00a0\u00bbon\u00a0\u00bb _builder_version=\u00a0\u00bb4.11.1&Prime; _module_preset=\u00a0\u00bbdefault\u00a0\u00bb global_colors_info=\u00a0\u00bb{}\u00a0\u00bb]<\/p>\n<p>groupement de producteurs de viande bio et locale<\/p>\n<p>[\/et_pb_accordion_item][et_pb_accordion_item title=\u00a0\u00bbCave d\u2019Irouleguy\u00a0\u00bb _builder_version=\u00a0\u00bb4.11.1&Prime; _module_preset=\u00a0\u00bbdefault\u00a0\u00bb global_colors_info=\u00a0\u00bb{}\u00a0\u00bb open=\u00a0\u00bboff\u00a0\u00bb]<\/p>\n<p>vins du Pays Basque<\/p>\n<p>[\/et_pb_accordion_item][et_pb_accordion_item title=\u00a0\u00bbLa Coop\u00e9rative laiti\u00e8re Pays Basque aux Aldudes\u00a0\u00bb _builder_version=\u00a0\u00bb4.11.1&Prime; _module_preset=\u00a0\u00bbdefault\u00a0\u00bb global_colors_info=\u00a0\u00bb{}\u00a0\u00bb open=\u00a0\u00bboff\u00a0\u00bb]<\/p>\n<p>fromage de vache bio<\/p>\n<p>[\/et_pb_accordion_item][et_pb_accordion_item title=\u00a0\u00bbEkia biodenda en Navarre, Espagne\u00a0\u00bb _builder_version=\u00a0\u00bb4.11.1&Prime; _module_preset=\u00a0\u00bbdefault\u00a0\u00bb global_colors_info=\u00a0\u00bb{}\u00a0\u00bb open=\u00a0\u00bboff\u00a0\u00bb]<\/p>\n<p>\u00e9picerie (conserves, fruits, produits vracs etc)<\/p>\n<p>[\/et_pb_accordion_item][et_pb_accordion_item title=\u00a0\u00bbEztigar \u00e0 Saint Just-Ibarre\u00a0\u00bb _builder_version=\u00a0\u00bb4.11.1&Prime; _module_preset=\u00a0\u00bbdefault\u00a0\u00bb global_colors_info=\u00a0\u00bb{}\u00a0\u00bb open=\u00a0\u00bboff\u00a0\u00bb]<\/p>\n<p>cidre, jus de pomme, confiture etc<\/p>\n<p>[\/et_pb_accordion_item][et_pb_accordion_item title=\u00a0\u00bbLur Saskia \u00e0 Arrast-Larrebieu\u00a0\u00bb _builder_version=\u00a0\u00bb4.11.1&Prime; _module_preset=\u00a0\u00bbdefault\u00a0\u00bb global_colors_info=\u00a0\u00bb{}\u00a0\u00bb open=\u00a0\u00bboff\u00a0\u00bb]<\/p>\n<p>vannerie, paniers<\/p>\n<p>[\/et_pb_accordion_item][et_pb_accordion_item title=\u00a0\u00bbNouste Ekilili \u00e0 Gabat\u00a0\u00bb _builder_version=\u00a0\u00bb4.11.1&Prime; _module_preset=\u00a0\u00bbdefault\u00a0\u00bb global_colors_info=\u00a0\u00bb{}\u00a0\u00bb open=\u00a0\u00bboff\u00a0\u00bb]<\/p>\n<p>coop\u00e9rative de paysans : huile de colza et tournesol<\/p>\n<p>[\/et_pb_accordion_item][et_pb_accordion_item title=\u00a0\u00bbSel de Salies de B\u00e9arn\u00a0\u00bb _builder_version=\u00a0\u00bb4.11.1&Prime; _module_preset=\u00a0\u00bbdefault\u00a0\u00bb global_colors_info=\u00a0\u00bb{}\u00a0\u00bb open=\u00a0\u00bboff\u00a0\u00bb]<\/p>\n<p>sel local<\/p>\n<p>[\/et_pb_accordion_item][et_pb_accordion_item title=\u00a0\u00bbGoizetik\u00a0\u00bb _builder_version=\u00a0\u00bb4.11.3&Prime; _module_preset=\u00a0\u00bbdefault\u00a0\u00bb global_colors_info=\u00a0\u00bb{}\u00a0\u00bb open=\u00a0\u00bboff\u00a0\u00bb]<\/p>\n<p>Plate-forme de produits bio au Pays-Basque<\/p>\n<p>[\/et_pb_accordion_item][et_pb_accordion_item title=\u00a0\u00bbHello Bio\u00a0\u00bb _builder_version=\u00a0\u00bb4.11.3&Prime; _module_preset=\u00a0\u00bbdefault\u00a0\u00bb global_colors_info=\u00a0\u00bb{}\u00a0\u00bb open=\u00a0\u00bboff\u00a0\u00bb]<\/p>\n<p>Soci\u00e9t\u00e9 commerciale et productrice en prot\u00e9ine v\u00e9g\u00e9tale bio (64)<\/p>\n<p>[\/et_pb_accordion_item][\/et_pb_accordion][\/et_pb_column][\/et_pb_row][\/et_pb_section]<\/p>\n","protected":false},"excerpt":{"rendered":"<p>Nos partenaires &nbsp; &nbsp;Afin de vous donner acc\u00e8s \u00e0 une plus grande vari\u00e9t\u00e9 de produits bio, nous travaillons avec d\u2019autres producteurs et entreprises locales :Fromage de vache Breuil et fromage de brebis huile d\u2019olive\u00a0piment d\u2019Espelette et confiturepoulet fermierbi\u00e8rebi\u00e8recidre et vinsvin de Juran\u00e7onconserves, charcuterie et viande fraiche de porctisanesfromages et produits frais au lait de vache [&hellip;]<\/p>\n","protected":false},"author":1,"featured_media":0,"parent":0,"menu_order":0,"comment_status":"closed","ping_status":"closed","template":"","meta":{"_et_pb_use_builder":"on","_et_pb_old_content":"","_et_gb_content_width":"","footnotes":""},"yoast_head":"<!-- This site is optimized with the Yoast SEO plugin v22.4 - https:\/\/yoast.com\/wordpress\/plugins\/seo\/ -->\n<title>Nos partenaires - Tokiko<\/title>\n<meta name=\"description\" content=\"D\u00e9couvrez ici la liste des partenaires du magasin Tokiko \u00e0 Saint-Palais. Pour une agriculture paysanne au Pays-Basque.\" \/>\n<meta name=\"robots\" content=\"index, follow, max-snippet:-1, max-image-preview:large, max-video-preview:-1\" \/>\n<link rel=\"canonical\" href=\"https:\/\/tokiko.eus\/index.php\/nos-partenaires\/\" \/>\n<meta property=\"og:locale\" content=\"fr_FR\" \/>\n<meta property=\"og:type\" content=\"article\" \/>\n<meta property=\"og:title\" content=\"Nos partenaires - Tokiko\" \/>\n<meta property=\"og:description\" content=\"D\u00e9couvrez ici la liste des partenaires du magasin Tokiko \u00e0 Saint-Palais. Pour une agriculture paysanne au Pays-Basque.\" \/>\n<meta property=\"og:url\" content=\"https:\/\/tokiko.eus\/index.php\/nos-partenaires\/\" \/>\n<meta property=\"og:site_name\" content=\"Tokiko\" \/>\n<meta property=\"article:modified_time\" content=\"2022-02-01T11:10:24+00:00\" \/>\n<meta property=\"og:image\" content=\"https:\/\/tokiko.eus\/wp-content\/uploads\/2021\/10\/ARROKIAIA_-_HARLUXET_Xabi_Johan_7746e0f0a3-300x200.jpg\" \/>\n<meta name=\"twitter:card\" content=\"summary_large_image\" \/>\n<meta name=\"twitter:label1\" content=\"Dur\u00e9e de lecture estim\u00e9e\" \/>\n\t<meta name=\"twitter:data1\" content=\"4 minutes\" \/>\n<script type=\"application\/ld+json\" class=\"yoast-schema-graph\">{\"@context\":\"https:\/\/schema.org\",\"@graph\":[{\"@type\":\"WebPage\",\"@id\":\"https:\/\/tokiko.eus\/index.php\/nos-partenaires\/\",\"url\":\"https:\/\/tokiko.eus\/index.php\/nos-partenaires\/\",\"name\":\"Nos partenaires - Tokiko\",\"isPartOf\":{\"@id\":\"https:\/\/tokiko.eus\/#website\"},\"primaryImageOfPage\":{\"@id\":\"https:\/\/tokiko.eus\/index.php\/nos-partenaires\/#primaryimage\"},\"image\":{\"@id\":\"https:\/\/tokiko.eus\/index.php\/nos-partenaires\/#primaryimage\"},\"thumbnailUrl\":\"https:\/\/tokiko.eus\/wp-content\/uploads\/2021\/10\/ARROKIAIA_-_HARLUXET_Xabi_Johan_7746e0f0a3-300x200.jpg\",\"datePublished\":\"2021-10-06T08:45:53+00:00\",\"dateModified\":\"2022-02-01T11:10:24+00:00\",\"description\":\"D\u00e9couvrez ici la liste des partenaires du magasin Tokiko \u00e0 Saint-Palais. Pour une agriculture paysanne au Pays-Basque.\",\"breadcrumb\":{\"@id\":\"https:\/\/tokiko.eus\/index.php\/nos-partenaires\/#breadcrumb\"},\"inLanguage\":\"fr-FR\",\"potentialAction\":[{\"@type\":\"ReadAction\",\"target\":[\"https:\/\/tokiko.eus\/index.php\/nos-partenaires\/\"]}]},{\"@type\":\"ImageObject\",\"inLanguage\":\"fr-FR\",\"@id\":\"https:\/\/tokiko.eus\/index.php\/nos-partenaires\/#primaryimage\",\"url\":\"https:\/\/tokiko.eus\/wp-content\/uploads\/2021\/10\/ARROKIAIA_-_HARLUXET_Xabi_Johan_7746e0f0a3.jpg\",\"contentUrl\":\"https:\/\/tokiko.eus\/wp-content\/uploads\/2021\/10\/ARROKIAIA_-_HARLUXET_Xabi_Johan_7746e0f0a3.jpg\",\"width\":1500,\"height\":1000},{\"@type\":\"BreadcrumbList\",\"@id\":\"https:\/\/tokiko.eus\/index.php\/nos-partenaires\/#breadcrumb\",\"itemListElement\":[{\"@type\":\"ListItem\",\"position\":1,\"name\":\"Accueil\",\"item\":\"https:\/\/tokiko.eus\/\"},{\"@type\":\"ListItem\",\"position\":2,\"name\":\"Nos partenaires\"}]},{\"@type\":\"WebSite\",\"@id\":\"https:\/\/tokiko.eus\/#website\",\"url\":\"https:\/\/tokiko.eus\/\",\"name\":\"Tokiko\",\"description\":\"Magasin de producteurs \u00e0 Saint Palais\",\"publisher\":{\"@id\":\"https:\/\/tokiko.eus\/#organization\"},\"potentialAction\":[{\"@type\":\"SearchAction\",\"target\":{\"@type\":\"EntryPoint\",\"urlTemplate\":\"https:\/\/tokiko.eus\/?s={search_term_string}\"},\"query-input\":\"required name=search_term_string\"}],\"inLanguage\":\"fr-FR\"},{\"@type\":\"Organization\",\"@id\":\"https:\/\/tokiko.eus\/#organization\",\"name\":\"Tokiko\",\"url\":\"https:\/\/tokiko.eus\/\",\"logo\":{\"@type\":\"ImageObject\",\"inLanguage\":\"fr-FR\",\"@id\":\"https:\/\/tokiko.eus\/#\/schema\/logo\/image\/\",\"url\":\"https:\/\/tokiko.eus\/wp-content\/uploads\/2021\/05\/IMG_40272.jpg\",\"contentUrl\":\"https:\/\/tokiko.eus\/wp-content\/uploads\/2021\/05\/IMG_40272.jpg\",\"width\":1669,\"height\":727,\"caption\":\"Tokiko\"},\"image\":{\"@id\":\"https:\/\/tokiko.eus\/#\/schema\/logo\/image\/\"}}]}<\/script>\n<!-- \/ Yoast SEO plugin. -->","yoast_head_json":{"title":"Nos partenaires - Tokiko","description":"D\u00e9couvrez ici la liste des partenaires du magasin Tokiko \u00e0 Saint-Palais. Pour une agriculture paysanne au Pays-Basque.","robots":{"index":"index","follow":"follow","max-snippet":"max-snippet:-1","max-image-preview":"max-image-preview:large","max-video-preview":"max-video-preview:-1"},"canonical":"https:\/\/tokiko.eus\/index.php\/nos-partenaires\/","og_locale":"fr_FR","og_type":"article","og_title":"Nos partenaires - Tokiko","og_description":"D\u00e9couvrez ici la liste des partenaires du magasin Tokiko \u00e0 Saint-Palais. Pour une agriculture paysanne au Pays-Basque.","og_url":"https:\/\/tokiko.eus\/index.php\/nos-partenaires\/","og_site_name":"Tokiko","article_modified_time":"2022-02-01T11:10:24+00:00","og_image":[{"url":"https:\/\/tokiko.eus\/wp-content\/uploads\/2021\/10\/ARROKIAIA_-_HARLUXET_Xabi_Johan_7746e0f0a3-300x200.jpg"}],"twitter_card":"summary_large_image","twitter_misc":{"Dur\u00e9e de lecture estim\u00e9e":"4 minutes"},"schema":{"@context":"https:\/\/schema.org","@graph":[{"@type":"WebPage","@id":"https:\/\/tokiko.eus\/index.php\/nos-partenaires\/","url":"https:\/\/tokiko.eus\/index.php\/nos-partenaires\/","name":"Nos partenaires - Tokiko","isPartOf":{"@id":"https:\/\/tokiko.eus\/#website"},"primaryImageOfPage":{"@id":"https:\/\/tokiko.eus\/index.php\/nos-partenaires\/#primaryimage"},"image":{"@id":"https:\/\/tokiko.eus\/index.php\/nos-partenaires\/#primaryimage"},"thumbnailUrl":"https:\/\/tokiko.eus\/wp-content\/uploads\/2021\/10\/ARROKIAIA_-_HARLUXET_Xabi_Johan_7746e0f0a3-300x200.jpg","datePublished":"2021-10-06T08:45:53+00:00","dateModified":"2022-02-01T11:10:24+00:00","description":"D\u00e9couvrez ici la liste des partenaires du magasin Tokiko \u00e0 Saint-Palais. Pour une agriculture paysanne au Pays-Basque.","breadcrumb":{"@id":"https:\/\/tokiko.eus\/index.php\/nos-partenaires\/#breadcrumb"},"inLanguage":"fr-FR","potentialAction":[{"@type":"ReadAction","target":["https:\/\/tokiko.eus\/index.php\/nos-partenaires\/"]}]},{"@type":"ImageObject","inLanguage":"fr-FR","@id":"https:\/\/tokiko.eus\/index.php\/nos-partenaires\/#primaryimage","url":"https:\/\/tokiko.eus\/wp-content\/uploads\/2021\/10\/ARROKIAIA_-_HARLUXET_Xabi_Johan_7746e0f0a3.jpg","contentUrl":"https:\/\/tokiko.eus\/wp-content\/uploads\/2021\/10\/ARROKIAIA_-_HARLUXET_Xabi_Johan_7746e0f0a3.jpg","width":1500,"height":1000},{"@type":"BreadcrumbList","@id":"https:\/\/tokiko.eus\/index.php\/nos-partenaires\/#breadcrumb","itemListElement":[{"@type":"ListItem","position":1,"name":"Accueil","item":"https:\/\/tokiko.eus\/"},{"@type":"ListItem","position":2,"name":"Nos partenaires"}]},{"@type":"WebSite","@id":"https:\/\/tokiko.eus\/#website","url":"https:\/\/tokiko.eus\/","name":"Tokiko","description":"Magasin de producteurs \u00e0 Saint Palais","publisher":{"@id":"https:\/\/tokiko.eus\/#organization"},"potentialAction":[{"@type":"SearchAction","target":{"@type":"EntryPoint","urlTemplate":"https:\/\/tokiko.eus\/?s={search_term_string}"},"query-input":"required name=search_term_string"}],"inLanguage":"fr-FR"},{"@type":"Organization","@id":"https:\/\/tokiko.eus\/#organization","name":"Tokiko","url":"https:\/\/tokiko.eus\/","logo":{"@type":"ImageObject","inLanguage":"fr-FR","@id":"https:\/\/tokiko.eus\/#\/schema\/logo\/image\/","url":"https:\/\/tokiko.eus\/wp-content\/uploads\/2021\/05\/IMG_40272.jpg","contentUrl":"https:\/\/tokiko.eus\/wp-content\/uploads\/2021\/05\/IMG_40272.jpg","width":1669,"height":727,"caption":"Tokiko"},"image":{"@id":"https:\/\/tokiko.eus\/#\/schema\/logo\/image\/"}}]}},"_links":{"self":[{"href":"https:\/\/tokiko.eus\/index.php\/wp-json\/wp\/v2\/pages\/349"}],"collection":[{"href":"https:\/\/tokiko.eus\/index.php\/wp-json\/wp\/v2\/pages"}],"about":[{"href":"https:\/\/tokiko.eus\/index.php\/wp-json\/wp\/v2\/types\/page"}],"author":[{"embeddable":true,"href":"https:\/\/tokiko.eus\/index.php\/wp-json\/wp\/v2\/users\/1"}],"replies":[{"embeddable":true,"href":"https:\/\/tokiko.eus\/index.php\/wp-json\/wp\/v2\/comments?post=349"}],"version-history":[{"count":14,"href":"https:\/\/tokiko.eus\/index.php\/wp-json\/wp\/v2\/pages\/349\/revisions"}],"predecessor-version":[{"id":472,"href":"https:\/\/tokiko.eus\/index.php\/wp-json\/wp\/v2\/pages\/349\/revisions\/472"}],"wp:attachment":[{"href":"https:\/\/tokiko.eus\/index.php\/wp-json\/wp\/v2\/media?parent=349"}],"curies":[{"name":"wp","href":"https:\/\/api.w.org\/{rel}","templated":true}]}}